 is divided by 17?
16
Suppose 0 = -6*k + 198 - 72. Calculate the remainder when 76 is divided by k.
13
Let h = 63 + -16. Suppose 4*d + 2*j - 76 = 0, -5*j + 0*j = -30. What is the remainder when h is divided by d?
15
Let v = 61 - 42. Let f(j) = -j**3 + 20*j**2 - 13*j - 42. What is the remainder when f(v) is divided by 27?
18
Let f be ((-1)/3)/((-9)/270). Let r = f + -18. Let s = r - -14. What is the remainder when 10 is divided by s?
4
Calculate the remainder when 190372/56 + 1/(-2) is divided by 136.
135
Suppose 3*i = -0*i + 537. Suppose -5*j = -i - 21. Calculate the remainder when 156 is divided by j.
36
Let v = -75 + 174. Let c = -18 + v. Suppose -2*j - 5*w = -33, 4*j + 2*w - 46 - 12 = 0. What is the remainder when c is divided by j?
11
Suppose -18*p = -22*p + 88. What is the remainder when 53 is divided by p?
9
Let m = -82 - -160. Suppose -2*w = 17 - 57. What is the remainder when m is divided by w?
18
Suppose -2*w + 9 + 13 = 4*f, -4*f - 3*w = -27. Let q = 4 - f. Calculate the remainder when 9 is divided by q*6 - (8 - 6).
1
Let s be ((-12)/(-10))/((-19)/95). Let m(x) = -x**3 - 5*x**2 - 27*x - 13. Calculate the remainder when m(s) is divided by 47.
44
Calculate the remainder when 2926/(-57)*12/(-8) is divided by 26.
25
Let o(r) = -8*r - 4. Suppose -u - 3*i + 2*i = -1, -3*u + 3*i = 21. What is the remainder when o(u) is divided by 15?
5
Suppose -5*s - 5*g = -400, 6*s - 4*g = s + 436. Let r = s + -71. What is the remainder when 24 is divided by r?
11
Let u = 9 - 5. Let p = 2 + 4. Suppose 3*m + 6 = p*m. What is the remainder when u is divided by m?
0
Let g(q) = 27*q - 339. Let b(j) = j**2 - j + 2. What is the remainder when g(14) is divided by b(4)?
11
Let c = -746 + 856. What is the remainder when c is divided by 37?
36
Suppose -q + 16 = -5*p - 5, -4*p - 63 = -3*q. Calculate the remainder when 0 + 1 + (-1 - -30) is divided by q.
9
Let h(x) = -x**2 - 13*x - 14. Let p be h(-10). Suppose -u = -0 - p. Suppose -168 - 147 = -5*k. Calculate the remainder when k is divided by u.
15
Suppose 2*a - 1 - 5 = 3*f, -3*a + 9 = -5*f. Let x(q) = 12*q**2 + 6. Calculate the remainder when x(a) is divided by 29.
27
Let k(a) = a**3 - 5*a**2 - 8*a + 13. Calculate the remainder when 218 is divided by k(7).
53
Let a = -182 - -270. Calculate the remainder when a is divided by -2*9*(-4 + 3).
16
Let o = -180 - -193. What is the remainder when o is divided by 2?
1
Suppose 1178*t - 1181*t + 135 = 0. Calculate the remainder when 899 is divided by t.
44
Let n(p) = -36*p + 114. What is the remainder when 13 is divided by n(3)?
1
Let o(m) = -m**3 - 9*m**2 - 3*m - 13. Let a(n) = 1 + 0 + 4 + 24*n - 8*n. What is the remainder when a(4) is divided by o(-9)?
13
Suppose 2 = 2*v - 2. Suppose 5*h = 14*h - 18. What is the remainder when h is divided by v?
0
Let q(o) = -3*o + 13. Let j be q(-10). Suppose 5*m = -j + 173. Calculate the remainder when m is divided by (-2)/(-2) + 1*6.
5
Suppose 2*u - 8 = 0, 6*r = 3*r - 4*u + 61. Let i = 41 + r. What is the remainder when i is divided by 19?
18
Let l(q) = q**3 - 6*q**2 + 5*q + 4. Calculate the remainder when l(6) is divided by (-316)/(-26) - 22/143.
10
Let z(t) be the first derivative of t**3/3 - t**2 + 6*t + 15. What is the remainder when z(9) is divided by 12?
9
Let y(l) = -29 - 68*l + 41*l + 41*l. What is the remainder when y(4) is divided by 11?
5
Suppose -v + 7*x - 2*x = 7, v + 5*x = 23. Let l(t) = 4*t + 6. What is the remainder when l(v) is divided by 20?
18
Let a = -28 - -28. Suppose x - 59 = -3*m, 0 = -4*m - a*x - 3*x + 77. Calculate the remainder when (m/(-15))/(6/(-63)) is divided by 5.
4
Let y(b) = b**3 - b**2 - b - 1. Let x(q) = q**3 + 2*q**2 + 6*q - 6. Let c(p) = -x(p) + 2*y(p). What is the remainder when c(6) is divided by 10?
8
Let k(x) be the third derivative of 17*x**4/24 - 7*x**3/6 + 16*x**2. Let i = 37 - 5. What is the remainder when k(6) is divided by i?
31
Let t = -26 - -93. Suppose -5*o = 3*w - t, -2*w + 53 = 4*o + w. Let z = -32 + 57. Calculate the remainder when z is divided by o.
11
Suppose 152 = 10*m - 9*m. Suppose -7*f = -5*f - m. Suppose 14 = 2*y - 4*h, 3*y - f = -4*h - h. What is the remainder when 49 is divided by y?
15
Suppose 0 = 5*y - 933 + 258. Let a(z) = -23*z - 150. What is the remainder when y is divided by a(-8)?
33
Suppose 779 - 179 = 20*q. What is the remainder when 140 is divided by q?
20
Let b be 26/3*3 + 0. Let a be (-16)/(-56) - b/(-7). Suppose 5*l - 2*d = 3*l - a, -3*l - 5*d = -34. Calculate the remainder when l is divided by 2.
1
Let t(z) = 5*z - 8. Let p be (2/1)/(4/56*4). What is the remainder when t(p) is divided by 11?
5
Let l = -177 + 174. Suppose 0 = z + 3*v - 12, v = 5*z - 10*z + 32. Calculate the remainder when l/(-9)*z - -18 is divided by 7.
6
Suppose 0 = w + 2 - 0, 5*n - 152 = w. Let u = 38 - n. Calculate the remainder when 38 is divided by u.
6
Suppose 4*x + d - 31 = -2*d, 0 = -5*x - 7*d + 29. Calculate the remainder when 2/(-7) + 240/7 is divided by x.
4
Let a = -45 + 56. Suppose -4*f + a = -45. Calculate the remainder when 54 is divided by f.
12
Let r(z) = 51*z**2 + 55*z - 54. What is the remainder when 132 is divided by r(1)?
28
Let h(g) be the second derivative of g**3/6 + g**2/2 - g. Let a be h(-2). Calculate the remainder when (a/(-3))/((-2)/(-126)) is divided by 8.
5
Let l = 27 + -14. Suppose 2*a - 244 = 5*m, -3*a + 2*m + 250 = -a. What is the remainder when a is divided by l?
10
Let q(z) = -z**3 - 6*z**2 - 3*z - 5. Let s be q(-6). Suppose -4*g + 1 = l, 5*g = l + 3*g - s. Calculate the remainder when l is divided by 6.
3
Suppose -6*s + 182 - 86 = 0. What is the remainder when 72 is divided by s?
8
Let c(s) = -4*s + 6. Calculate the remainder when 23 is divided by c(0).
5
Let s(t) = -34*t - 115. Calculate the remainder when 96 is divided by s(-4).
12
Suppose 615 = -0*o + 5*o. Let j = o - 80. Suppose -2*p + 22 = 3*d - 5, p - 18 = 3*d. Calculate the remainder when j is divided by p.
13
Let o(n) = -24*n + 9. Let h be o(4). Let b = h + 60. Let l = 68 + b. What is the remainder when l is divided by 14?
13
Calculate the remainder when (4 + 2)*((-1734)/(-36))/17 is divided by 7.
3
Suppose 9*u - 7*u = 2*f - 316, -2*f - 5*u + 281 = 0. Calculate the remainder when f is divided by 46.
15
Let i = -20 - -35. Let r = -24 - -18. Let g(h) = h**2 - 3*h + 3. What is the remainder when g(r) is divided by i?
12
Let u(p) = p**3 + 6*p**2 - 15*p + 4. Let j be u(-7). Suppose 0 = -4*w + 5*b - 3 + j, -w + 4*b + 17 = 0. What is the remainder when w is divided by 27/5 - 2/5?
3
Let h = -418 - -466. Calculate the remainder when 141 is divided by h.
45
Let d(g) = 9*g**2 + 17*g + 18. Let h be d(9). Suppose -h = -8*s - 10*s. What is the remainder when s is divided by 18?
14
Suppose 0 = 5*z - 2*s - 1138, -2*s = -3*z + 1077 - 395. Suppose -w - 139 = -3*k - 0, -z = -5*k - 2*w. What is the remainder when k is divided by 2/(-1 + 14/12)?
10
Suppose -4*b - 3*t = 7, 0 = 5*t + 15 + 10. Suppose 3*j + s + 167 = 0, j - 265 = 6*j - s. Let u = 57 + j. What is the remainder when u is divided by b?
1
Let h(r) = 10*r**3 - 2*r - 6. What is the remainder when h(3) is divided by 26?
24
Let l = 727 - 428. Let c = -146 + l. What is the remainder when c is divided by 39?
36
Calculate the remainder when 43 is divided by (2/4 + 33/(-30))*-15.
7
Let o = -25 - -38. Suppose 4*d + 8 = 0, 6*y = 2*y - 4*d + 60. Let b = y - o. What is the remainder when 5 is divided by b?
1
Let w(p) = p**3 + 4*p**2 + 2*p + 4. Suppose 6 = -2*d - 2. Let y be w(d). What is the remainder when -1*-25*(-3 - y) is divided by 9?
7
Let p = 24 + -19. Suppose -5*g - 118 = -p*j + 22, -2*j = g - 71. What is the remainder when 64 is divided by j?
31
Suppose -9*q + 145 - 37 = 0. What is the remainder when 28 is divided by q?
4
Suppose -18 = 2*s - 48. Let x = s - 3. What is the remainder when 35 is divided by x?
11
Suppose -j + 80 = -5*d, 4*j - 3*d = 276 - 41. Let l = -52 + j. What is the remainder when 7 is divided by l?
1
Let f = 365 - -161. What is the remainder when f is divided by 24?
22
Suppose 0*k + 2*k - 10 = 0. Suppose -k*s + 71 = 3*v - 52, 2*v + s - 75 = 0. What is the remainder when (((-15)/(-2))/(-5))/((-18)/816) is divided by v?
32
Calculate the remainder when 9/9*(114 - -5) is divided by 37.
8
Suppose 3*a - 153 = -n, -2*n - 3*n + 141 = 3*a. Suppose 13*h + a